{"id":1018,"date":"2021-04-21T10:12:38","date_gmt":"2021-04-21T08:12:38","guid":{"rendered":"https:\/\/munkoescomputer.dk\/?post_type=product&#038;p=1018"},"modified":"2021-04-22T12:02:57","modified_gmt":"2021-04-22T10:02:57","slug":"arbejdstidsregistrering","status":"publish","type":"product","link":"https:\/\/munkoescomputer.dk\/?product=arbejdstidsregistrering","title":{"rendered":"Arbejdstidsregistrering"},"content":{"rendered":"<p>N\u00e5r medarbejderen har logget sig ind f\u00e5s dette sk\u00e6rmbillede<\/p>\n<p><img decoding=\"async\" class=\"alignnone size-medium wp-image-1020\" src=\"https:\/\/munkoescomputer.dk\/wp-content\/uploads\/2021\/04\/kalender-209x300.png\" alt=\"\" width=\"209\" height=\"300\" \/><\/p>\n<p>N\u00e5r medarbejderen klikker p\u00e5 en dato eller knappen &#8216;Dagens dato&#8217; f\u00e5s dette sk\u00e6rmbillede<\/p>\n<p><img decoding=\"async\" class=\"alignnone wp-image-1022\" src=\"https:\/\/munkoescomputer.dk\/wp-content\/uploads\/2021\/04\/tilfoejarbejd-300x153.png\" alt=\"\" width=\"455\" height=\"232\" srcset=\"https:\/\/munkoescomputer.dk\/wp-content\/uploads\/2021\/04\/tilfoejarbejd-200x102.png 200w, https:\/\/munkoescomputer.dk\/wp-content\/uploads\/2021\/04\/tilfoejarbejd-300x153.png 300w, https:\/\/munkoescomputer.dk\/wp-content\/uploads\/2021\/04\/tilfoejarbejd-400x204.png 400w, https:\/\/munkoescomputer.dk\/wp-content\/uploads\/2021\/04\/tilfoejarbejd-500x255.png 500w, https:\/\/munkoescomputer.dk\/wp-content\/uploads\/2021\/04\/tilfoejarbejd.png 558w\" sizes=\"(max-width: 455px) 100vw, 455px\" \/><\/p>\n<p>N\u00e5r medarbejderen tilf\u00f8jer et job ved at klikke p\u00e5 knappen &#8216;Tilf\u00f8j&#8217; f\u00e5s dette sk\u00e6rmbillede<\/p>\n<p><img decoding=\"async\" class=\"alignnone wp-image-1023\" src=\"https:\/\/munkoescomputer.dk\/wp-content\/uploads\/2021\/04\/adresse-300x111.png\" alt=\"\" width=\"495\" height=\"183\" srcset=\"https:\/\/munkoescomputer.dk\/wp-content\/uploads\/2021\/04\/adresse-200x74.png 200w, https:\/\/munkoescomputer.dk\/wp-content\/uploads\/2021\/04\/adresse-300x111.png 300w, https:\/\/munkoescomputer.dk\/wp-content\/uploads\/2021\/04\/adresse-400x149.png 400w, https:\/\/munkoescomputer.dk\/wp-content\/uploads\/2021\/04\/adresse-500x186.png 500w, https:\/\/munkoescomputer.dk\/wp-content\/uploads\/2021\/04\/adresse-600x223.png 600w, https:\/\/munkoescomputer.dk\/wp-content\/uploads\/2021\/04\/adresse-700x260.png 700w, https:\/\/munkoescomputer.dk\/wp-content\/uploads\/2021\/04\/adresse-768x285.png 768w, https:\/\/munkoescomputer.dk\/wp-content\/uploads\/2021\/04\/adresse-800x297.png 800w, https:\/\/munkoescomputer.dk\/wp-content\/uploads\/2021\/04\/adresse-1024x380.png 1024w, https:\/\/munkoescomputer.dk\/wp-content\/uploads\/2021\/04\/adresse.png 1144w\" sizes=\"(max-width: 495px) 100vw, 495px\" \/><\/p>\n<p>Her registreres adressen og herefter f\u00e5s dette sk\u00e6rmbillede<\/p>\n<p><img decoding=\"async\" class=\"alignnone wp-image-1024\" src=\"https:\/\/munkoescomputer.dk\/wp-content\/uploads\/2021\/04\/registering-300x151.png\" alt=\"\" width=\"441\" height=\"222\" srcset=\"https:\/\/munkoescomputer.dk\/wp-content\/uploads\/2021\/04\/registering-200x101.png 200w, https:\/\/munkoescomputer.dk\/wp-content\/uploads\/2021\/04\/registering-300x151.png 300w, https:\/\/munkoescomputer.dk\/wp-content\/uploads\/2021\/04\/registering-400x202.png 400w, https:\/\/munkoescomputer.dk\/wp-content\/uploads\/2021\/04\/registering-500x252.png 500w, https:\/\/munkoescomputer.dk\/wp-content\/uploads\/2021\/04\/registering-540x272.png 540w, https:\/\/munkoescomputer.dk\/wp-content\/uploads\/2021\/04\/registering-600x303.png 600w, https:\/\/munkoescomputer.dk\/wp-content\/uploads\/2021\/04\/registering-700x353.png 700w, https:\/\/munkoescomputer.dk\/wp-content\/uploads\/2021\/04\/registering-768x388.png 768w, https:\/\/munkoescomputer.dk\/wp-content\/uploads\/2021\/04\/registering-800x404.png 800w, https:\/\/munkoescomputer.dk\/wp-content\/uploads\/2021\/04\/registering-1024x517.png 1024w, https:\/\/munkoescomputer.dk\/wp-content\/uploads\/2021\/04\/registering.png 1201w\" sizes=\"(max-width: 441px) 100vw, 441px\" \/><\/p>\n<p>Her er der mulighed for at indtaste starttidspunkt og sluttidspunkt p\u00e5 et job (opgave), fagomr\u00e5de (opgavens betegnelse) eksempel male loftet i stuen. Udover dette kan der tilf\u00f8jes hj\u00e6lpev\u00e6rkt\u00f8j, som dit firma \u00f8nsker ekstra betaling for, samt eventuelt ekstra arbejde, kan v\u00e6re hvad som helst<\/p>\n<p><img decoding=\"async\" class=\"alignnone wp-image-1025\" src=\"https:\/\/munkoescomputer.dk\/wp-content\/uploads\/2021\/04\/dagseddel-300x246.png\" alt=\"\" width=\"517\" height=\"424\" srcset=\"https:\/\/munkoescomputer.dk\/wp-content\/uploads\/2021\/04\/dagseddel-200x164.png 200w, https:\/\/munkoescomputer.dk\/wp-content\/uploads\/2021\/04\/dagseddel-300x246.png 300w, https:\/\/munkoescomputer.dk\/wp-content\/uploads\/2021\/04\/dagseddel-400x328.png 400w, https:\/\/munkoescomputer.dk\/wp-content\/uploads\/2021\/04\/dagseddel-500x411.png 500w, https:\/\/munkoescomputer.dk\/wp-content\/uploads\/2021\/04\/dagseddel-600x493.png 600w, https:\/\/munkoescomputer.dk\/wp-content\/uploads\/2021\/04\/dagseddel.png 609w\" sizes=\"(max-width: 517px) 100vw, 517px\" \/><\/p>\n<p>N\u00e5r dagen er omme ser medarbejderen dags seddel s\u00e5dan ud, som vises ovenover. N\u00e5r medarbejderen er f\u00e6rdig klikke medarbejderen p\u00e5 knappen &#8216;Godkend&#8217;<\/p>\n<p>og herefter vises dette sk\u00e6rmbillede.<\/p>\n<p><img decoding=\"async\" class=\"alignnone wp-image-1026\" src=\"https:\/\/munkoescomputer.dk\/wp-content\/uploads\/2021\/04\/maanedsseddel-251x300.png\" alt=\"\" width=\"354\" height=\"423\" srcset=\"https:\/\/munkoescomputer.dk\/wp-content\/uploads\/2021\/04\/maanedsseddel-200x239.png 200w, https:\/\/munkoescomputer.dk\/wp-content\/uploads\/2021\/04\/maanedsseddel-251x300.png 251w, https:\/\/munkoescomputer.dk\/wp-content\/uploads\/2021\/04\/maanedsseddel-400x478.png 400w, https:\/\/munkoescomputer.dk\/wp-content\/uploads\/2021\/04\/maanedsseddel.png 444w\" sizes=\"(max-width: 354px) 100vw, 354px\" \/><\/p>\n<p>Her kan medarbejderen se godkendte som gr\u00f8nne felter med antal hele timer, r\u00f8de som ikke godkendte og gule som ikke registreret.<\/p>\n<p>&nbsp;<\/p>\n<p>&nbsp;<\/p>\n","protected":false},"excerpt":{"rendered":"<p>Best\u00e5r af to enheder en medarbejder enhed og en administrator enhed<\/p>\n<p>Administrator enhed har f\u00f8lgende funktioner<\/p>\n<ul>\n<li>Oversigt over arbejdsopgaver som er p\u00e5begyndt eller fuldf\u00f8rt<\/li>\n<li>Administration af medarbejder opret og opdatere.<\/li>\n<li>Opret nye sager og administration<\/li>\n<li>Rette medarbejdernes kalender<\/li>\n<li>Valg af sprog dansk, engelsk, polsk og mulighed for to mere<\/li>\n<li>Administrer andre administrator tilf\u00f8j og slette<\/li>\n<li>Oversigt over l\u00f8n til medarbejderne (efter kalkulation)<\/li>\n<\/ul>\n<p>Medarbejderdelen vises med sk\u00e6rmbilleder.<\/p>\n<p>Programmet er lavet i php 7.4 og k\u00f8rer med MySQL som database.<\/p>\n<p>Gode sk\u00e6rmbilleder i alle enheder.<\/p>\n","protected":false},"featured_media":1019,"comment_status":"open","ping_status":"closed","template":"","meta":[],"product_brand":[],"product_cat":[45],"product_tag":[50,51,52],"class_list":{"0":"post-1018","1":"product","2":"type-product","3":"status-publish","4":"has-post-thumbnail","6":"product_cat-websider","7":"product_tag-arbejdstidregistrering","8":"product_tag-program","9":"product_tag-webside","11":"first","12":"instock","13":"taxable","14":"shipping-taxable","15":"purchasable","16":"product-type-simple"},"yoast_head":"<!-- This site is optimized with the Yoast SEO plugin v27.0 - https:\/\/yoast.com\/product\/yoast-seo-wordpress\/ -->\n<title>Arbejdstidsregistrering - Munk\u00f8&#039;s Computer<\/title>\n<meta name=\"robots\" content=\"index, follow, max-snippet:-1, max-image-preview:large, max-video-preview:-1\" \/>\n<link rel=\"canonical\" href=\"https:\/\/munkoescomputer.dk\/?product=arbejdstidsregistrering\" \/>\n<meta property=\"og:locale\" content=\"da_DK\" \/>\n<meta property=\"og:type\" content=\"article\" \/>\n<meta property=\"og:title\" content=\"Arbejdstidsregistrering - Munk\u00f8&#039;s Computer\" \/>\n<meta property=\"og:description\" content=\"Best\u00e5r af to enheder en medarbejder enhed og en administrator enhed  Administrator enhed har f\u00f8lgende funktioner   Oversigt over arbejdsopgaver som er p\u00e5begyndt eller fuldf\u00f8rt  Administration af medarbejder opret og opdatere.  Opret nye sager og administration  Rette medarbejdernes kalender  Valg af sprog dansk, engelsk, polsk og mulighed for to mere  Administrer andre administrator tilf\u00f8j og slette  Oversigt over l\u00f8n til medarbejderne (efter kalkulation)  Medarbejderdelen vises med sk\u00e6rmbilleder.  Programmet er lavet i php 7.4 og k\u00f8rer med MySQL som database.  Gode sk\u00e6rmbilleder i alle enheder.\" \/>\n<meta property=\"og:url\" content=\"https:\/\/munkoescomputer.dk\/?product=arbejdstidsregistrering\" \/>\n<meta property=\"og:site_name\" content=\"Munk\u00f8&#039;s Computer\" \/>\n<meta property=\"article:modified_time\" content=\"2021-04-22T10:02:57+00:00\" \/>\n<meta property=\"og:image\" content=\"https:\/\/munkoescomputer.dk\/wp-content\/uploads\/2021\/04\/iphone_arbejdsbrug2.png\" \/>\n\t<meta property=\"og:image:width\" content=\"300\" \/>\n\t<meta property=\"og:image:height\" content=\"383\" \/>\n\t<meta property=\"og:image:type\" content=\"image\/png\" \/>\n<meta name=\"twitter:card\" content=\"summary_large_image\" \/>\n<meta name=\"twitter:label1\" content=\"Estimeret l\u00e6setid\" \/>\n\t<meta name=\"twitter:data1\" content=\"2 minutter\" \/>\n<script type=\"application\/ld+json\" class=\"yoast-schema-graph\">{\"@context\":\"https:\/\/schema.org\",\"@graph\":[{\"@type\":\"WebPage\",\"@id\":\"https:\/\/munkoescomputer.dk\/?product=arbejdstidsregistrering\",\"url\":\"https:\/\/munkoescomputer.dk\/?product=arbejdstidsregistrering\",\"name\":\"Arbejdstidsregistrering - Munk\u00f8&#039;s Computer\",\"isPartOf\":{\"@id\":\"https:\/\/munkoescomputer.dk\/#website\"},\"primaryImageOfPage\":{\"@id\":\"https:\/\/munkoescomputer.dk\/?product=arbejdstidsregistrering#primaryimage\"},\"image\":{\"@id\":\"https:\/\/munkoescomputer.dk\/?product=arbejdstidsregistrering#primaryimage\"},\"thumbnailUrl\":\"https:\/\/munkoescomputer.dk\/wp-content\/uploads\/2021\/04\/iphone_arbejdsbrug2.png\",\"datePublished\":\"2021-04-21T08:12:38+00:00\",\"dateModified\":\"2021-04-22T10:02:57+00:00\",\"breadcrumb\":{\"@id\":\"https:\/\/munkoescomputer.dk\/?product=arbejdstidsregistrering#breadcrumb\"},\"inLanguage\":\"da-DK\",\"potentialAction\":[{\"@type\":\"ReadAction\",\"target\":[\"https:\/\/munkoescomputer.dk\/?product=arbejdstidsregistrering\"]}]},{\"@type\":\"ImageObject\",\"inLanguage\":\"da-DK\",\"@id\":\"https:\/\/munkoescomputer.dk\/?product=arbejdstidsregistrering#primaryimage\",\"url\":\"https:\/\/munkoescomputer.dk\/wp-content\/uploads\/2021\/04\/iphone_arbejdsbrug2.png\",\"contentUrl\":\"https:\/\/munkoescomputer.dk\/wp-content\/uploads\/2021\/04\/iphone_arbejdsbrug2.png\",\"width\":300,\"height\":383},{\"@type\":\"BreadcrumbList\",\"@id\":\"https:\/\/munkoescomputer.dk\/?product=arbejdstidsregistrering#breadcrumb\",\"itemListElement\":[{\"@type\":\"ListItem\",\"position\":1,\"name\":\"Hjem\",\"item\":\"https:\/\/munkoescomputer.dk\/\"},{\"@type\":\"ListItem\",\"position\":2,\"name\":\"Butik\",\"item\":\"https:\/\/munkoescomputer.dk\/?page_id=18\"},{\"@type\":\"ListItem\",\"position\":3,\"name\":\"Arbejdstidsregistrering\"}]},{\"@type\":\"WebSite\",\"@id\":\"https:\/\/munkoescomputer.dk\/#website\",\"url\":\"https:\/\/munkoescomputer.dk\/\",\"name\":\"Munk\u00f8&#039;s Computer\",\"description\":\"Endnu en WordPress-blog\",\"potentialAction\":[{\"@type\":\"SearchAction\",\"target\":{\"@type\":\"EntryPoint\",\"urlTemplate\":\"https:\/\/munkoescomputer.dk\/?s={search_term_string}\"},\"query-input\":{\"@type\":\"PropertyValueSpecification\",\"valueRequired\":true,\"valueName\":\"search_term_string\"}}],\"inLanguage\":\"da-DK\"}]}<\/script>\n<!-- \/ Yoast SEO plugin. -->","yoast_head_json":{"title":"Arbejdstidsregistrering - Munk\u00f8&#039;s Computer","robots":{"index":"index","follow":"follow","max-snippet":"max-snippet:-1","max-image-preview":"max-image-preview:large","max-video-preview":"max-video-preview:-1"},"canonical":"https:\/\/munkoescomputer.dk\/?product=arbejdstidsregistrering","og_locale":"da_DK","og_type":"article","og_title":"Arbejdstidsregistrering - Munk\u00f8&#039;s Computer","og_description":"Best\u00e5r af to enheder en medarbejder enhed og en administrator enhed  Administrator enhed har f\u00f8lgende funktioner   Oversigt over arbejdsopgaver som er p\u00e5begyndt eller fuldf\u00f8rt  Administration af medarbejder opret og opdatere.  Opret nye sager og administration  Rette medarbejdernes kalender  Valg af sprog dansk, engelsk, polsk og mulighed for to mere  Administrer andre administrator tilf\u00f8j og slette  Oversigt over l\u00f8n til medarbejderne (efter kalkulation)  Medarbejderdelen vises med sk\u00e6rmbilleder.  Programmet er lavet i php 7.4 og k\u00f8rer med MySQL som database.  Gode sk\u00e6rmbilleder i alle enheder.","og_url":"https:\/\/munkoescomputer.dk\/?product=arbejdstidsregistrering","og_site_name":"Munk\u00f8&#039;s Computer","article_modified_time":"2021-04-22T10:02:57+00:00","og_image":[{"width":300,"height":383,"url":"https:\/\/munkoescomputer.dk\/wp-content\/uploads\/2021\/04\/iphone_arbejdsbrug2.png","type":"image\/png"}],"twitter_card":"summary_large_image","twitter_misc":{"Estimeret l\u00e6setid":"2 minutter"},"schema":{"@context":"https:\/\/schema.org","@graph":[{"@type":"WebPage","@id":"https:\/\/munkoescomputer.dk\/?product=arbejdstidsregistrering","url":"https:\/\/munkoescomputer.dk\/?product=arbejdstidsregistrering","name":"Arbejdstidsregistrering - Munk\u00f8&#039;s Computer","isPartOf":{"@id":"https:\/\/munkoescomputer.dk\/#website"},"primaryImageOfPage":{"@id":"https:\/\/munkoescomputer.dk\/?product=arbejdstidsregistrering#primaryimage"},"image":{"@id":"https:\/\/munkoescomputer.dk\/?product=arbejdstidsregistrering#primaryimage"},"thumbnailUrl":"https:\/\/munkoescomputer.dk\/wp-content\/uploads\/2021\/04\/iphone_arbejdsbrug2.png","datePublished":"2021-04-21T08:12:38+00:00","dateModified":"2021-04-22T10:02:57+00:00","breadcrumb":{"@id":"https:\/\/munkoescomputer.dk\/?product=arbejdstidsregistrering#breadcrumb"},"inLanguage":"da-DK","potentialAction":[{"@type":"ReadAction","target":["https:\/\/munkoescomputer.dk\/?product=arbejdstidsregistrering"]}]},{"@type":"ImageObject","inLanguage":"da-DK","@id":"https:\/\/munkoescomputer.dk\/?product=arbejdstidsregistrering#primaryimage","url":"https:\/\/munkoescomputer.dk\/wp-content\/uploads\/2021\/04\/iphone_arbejdsbrug2.png","contentUrl":"https:\/\/munkoescomputer.dk\/wp-content\/uploads\/2021\/04\/iphone_arbejdsbrug2.png","width":300,"height":383},{"@type":"BreadcrumbList","@id":"https:\/\/munkoescomputer.dk\/?product=arbejdstidsregistrering#breadcrumb","itemListElement":[{"@type":"ListItem","position":1,"name":"Hjem","item":"https:\/\/munkoescomputer.dk\/"},{"@type":"ListItem","position":2,"name":"Butik","item":"https:\/\/munkoescomputer.dk\/?page_id=18"},{"@type":"ListItem","position":3,"name":"Arbejdstidsregistrering"}]},{"@type":"WebSite","@id":"https:\/\/munkoescomputer.dk\/#website","url":"https:\/\/munkoescomputer.dk\/","name":"Munk\u00f8&#039;s Computer","description":"Endnu en WordPress-blog","potentialAction":[{"@type":"SearchAction","target":{"@type":"EntryPoint","urlTemplate":"https:\/\/munkoescomputer.dk\/?s={search_term_string}"},"query-input":{"@type":"PropertyValueSpecification","valueRequired":true,"valueName":"search_term_string"}}],"inLanguage":"da-DK"}]}},"_links":{"self":[{"href":"https:\/\/munkoescomputer.dk\/index.php?rest_route=\/wp\/v2\/product\/1018","targetHints":{"allow":["GET"]}}],"collection":[{"href":"https:\/\/munkoescomputer.dk\/index.php?rest_route=\/wp\/v2\/product"}],"about":[{"href":"https:\/\/munkoescomputer.dk\/index.php?rest_route=\/wp\/v2\/types\/product"}],"replies":[{"embeddable":true,"href":"https:\/\/munkoescomputer.dk\/index.php?rest_route=%2Fwp%2Fv2%2Fcomments&post=1018"}],"wp:featuredmedia":[{"embeddable":true,"href":"https:\/\/munkoescomputer.dk\/index.php?rest_route=\/wp\/v2\/media\/1019"}],"wp:attachment":[{"href":"https:\/\/munkoescomputer.dk\/index.php?rest_route=%2Fwp%2Fv2%2Fmedia&parent=1018"}],"wp:term":[{"taxonomy":"product_brand","embeddable":true,"href":"https:\/\/munkoescomputer.dk\/index.php?rest_route=%2Fwp%2Fv2%2Fproduct_brand&post=1018"},{"taxonomy":"product_cat","embeddable":true,"href":"https:\/\/munkoescomputer.dk\/index.php?rest_route=%2Fwp%2Fv2%2Fproduct_cat&post=1018"},{"taxonomy":"product_tag","embeddable":true,"href":"https:\/\/munkoescomputer.dk\/index.php?rest_route=%2Fwp%2Fv2%2Fproduct_tag&post=1018"}],"curies":[{"name":"wp","href":"https:\/\/api.w.org\/{rel}","templated":true}]}}