{"id":1008,"date":"2021-04-15T13:32:20","date_gmt":"2021-04-15T11:32:20","guid":{"rendered":"https:\/\/munkoescomputer.dk\/?post_type=product&#038;p=1008"},"modified":"2021-04-16T10:37:28","modified_gmt":"2021-04-16T08:37:28","slug":"avada-templates","status":"publish","type":"product","link":"https:\/\/munkoescomputer.dk\/?product=avada-templates","title":{"rendered":"AVADA TEMPLATES"},"content":{"rendered":"<p><img decoding=\"async\" class=\"alignnone size-medium wp-image-900\" src=\"https:\/\/munkoescomputer.dk\/wp-content\/uploads\/2021\/03\/hotel-300x263.png\" alt=\"kotel design\" width=\"300\" height=\"263\" srcset=\"https:\/\/munkoescomputer.dk\/wp-content\/uploads\/2021\/03\/hotel-200x175.png 200w, https:\/\/munkoescomputer.dk\/wp-content\/uploads\/2021\/03\/hotel-300x263.png 300w, https:\/\/munkoescomputer.dk\/wp-content\/uploads\/2021\/03\/hotel.png 332w\" sizes=\"(max-width: 300px) 100vw, 300px\" \/><img decoding=\"async\" class=\"alignnone size-medium wp-image-898\" src=\"https:\/\/munkoescomputer.dk\/wp-content\/uploads\/2021\/03\/finance-300x263.png\" alt=\"finans design\" width=\"300\" height=\"263\" srcset=\"https:\/\/munkoescomputer.dk\/wp-content\/uploads\/2021\/03\/finance-200x175.png 200w, https:\/\/munkoescomputer.dk\/wp-content\/uploads\/2021\/03\/finance-300x263.png 300w, https:\/\/munkoescomputer.dk\/wp-content\/uploads\/2021\/03\/finance.png 333w\" sizes=\"(max-width: 300px) 100vw, 300px\" \/><\/p>\n<p><img decoding=\"async\" class=\"alignnone size-medium wp-image-897\" src=\"https:\/\/munkoescomputer.dk\/wp-content\/uploads\/2021\/03\/electrician-300x261.png\" alt=\"Elektronik design\" width=\"300\" height=\"261\" srcset=\"https:\/\/munkoescomputer.dk\/wp-content\/uploads\/2021\/03\/electrician-200x174.png 200w, https:\/\/munkoescomputer.dk\/wp-content\/uploads\/2021\/03\/electrician-300x261.png 300w, https:\/\/munkoescomputer.dk\/wp-content\/uploads\/2021\/03\/electrician.png 334w\" sizes=\"(max-width: 300px) 100vw, 300px\" \/><img decoding=\"async\" class=\"alignnone size-medium wp-image-896\" src=\"https:\/\/munkoescomputer.dk\/wp-content\/uploads\/2021\/03\/Craf-beer-300x264.png\" alt=\"\u00f8l design\" width=\"300\" height=\"264\" srcset=\"https:\/\/munkoescomputer.dk\/wp-content\/uploads\/2021\/03\/Craf-beer-200x176.png 200w, https:\/\/munkoescomputer.dk\/wp-content\/uploads\/2021\/03\/Craf-beer-300x264.png 300w, https:\/\/munkoescomputer.dk\/wp-content\/uploads\/2021\/03\/Craf-beer.png 335w\" sizes=\"(max-width: 300px) 100vw, 300px\" \/><\/p>\n","protected":false},"excerpt":{"rendered":"<h2>Udvikling af Avada templates hjemmeside<\/h2>\n<p>Best\u00e5r af f\u00f8lgende ting som standard<\/p>\n<ul>\n<li>En forside med egen tekst og billeder<\/li>\n<li>En side om os med egen tekst og billeder<\/li>\n<li>En kontakt side med firmaet navn og adresse<\/li>\n<li>En butik eller blog side med op til 12 kategorier<\/li>\n<li>Varer 5 stk samt instruktion<\/li>\n<\/ul>\n<p>Websiden er med CMS, s\u00e5 du\/I kan rette i b\u00e5de tekst og billeder, samt udvide jeres hjemmeside.<\/p>\n","protected":false},"featured_media":1007,"comment_status":"open","ping_status":"closed","template":"","meta":[],"product_brand":[],"product_cat":[45],"product_tag":[],"class_list":{"0":"post-1008","1":"product","2":"type-product","3":"status-publish","4":"has-post-thumbnail","6":"product_cat-websider","8":"first","9":"instock","10":"taxable","11":"shipping-taxable","12":"purchasable","13":"product-type-simple"},"yoast_head":"<!-- This site is optimized with the Yoast SEO plugin v27.0 - https:\/\/yoast.com\/product\/yoast-seo-wordpress\/ -->\n<title>AVADA TEMPLATES - Munk\u00f8&#039;s Computer<\/title>\n<meta name=\"robots\" content=\"index, follow, max-snippet:-1, max-image-preview:large, max-video-preview:-1\" \/>\n<link rel=\"canonical\" href=\"https:\/\/munkoescomputer.dk\/?product=avada-templates\" \/>\n<meta property=\"og:locale\" content=\"da_DK\" \/>\n<meta property=\"og:type\" content=\"article\" \/>\n<meta property=\"og:title\" content=\"AVADA TEMPLATES - Munk\u00f8&#039;s Computer\" \/>\n<meta property=\"og:description\" content=\"Udvikling af Avada templates hjemmeside Best\u00e5r af f\u00f8lgende ting som standard   En forside med egen tekst og billeder  En side om os med egen tekst og billeder  En kontakt side med firmaet navn og adresse  En butik eller blog side med op til 12 kategorier  Varer 5 stk samt instruktion  Websiden er med CMS, s\u00e5 du\/I kan rette i b\u00e5de tekst og billeder, samt udvide jeres hjemmeside.\" \/>\n<meta property=\"og:url\" content=\"https:\/\/munkoescomputer.dk\/?product=avada-templates\" \/>\n<meta property=\"og:site_name\" content=\"Munk\u00f8&#039;s Computer\" \/>\n<meta property=\"article:modified_time\" content=\"2021-04-16T08:37:28+00:00\" \/>\n<meta property=\"og:image\" content=\"https:\/\/munkoescomputer.dk\/wp-content\/uploads\/2021\/04\/demo_content-320x202-1.png\" \/>\n\t<meta property=\"og:image:width\" content=\"320\" \/>\n\t<meta property=\"og:image:height\" content=\"202\" \/>\n\t<meta property=\"og:image:type\" content=\"image\/png\" \/>\n<meta name=\"twitter:card\" content=\"summary_large_image\" \/>\n<meta name=\"twitter:label1\" content=\"Estimeret l\u00e6setid\" \/>\n\t<meta name=\"twitter:data1\" content=\"1 minut\" \/>\n<script type=\"application\/ld+json\" class=\"yoast-schema-graph\">{\"@context\":\"https:\/\/schema.org\",\"@graph\":[{\"@type\":\"WebPage\",\"@id\":\"https:\/\/munkoescomputer.dk\/?product=avada-templates\",\"url\":\"https:\/\/munkoescomputer.dk\/?product=avada-templates\",\"name\":\"AVADA TEMPLATES - Munk\u00f8&#039;s Computer\",\"isPartOf\":{\"@id\":\"https:\/\/munkoescomputer.dk\/#website\"},\"primaryImageOfPage\":{\"@id\":\"https:\/\/munkoescomputer.dk\/?product=avada-templates#primaryimage\"},\"image\":{\"@id\":\"https:\/\/munkoescomputer.dk\/?product=avada-templates#primaryimage\"},\"thumbnailUrl\":\"https:\/\/munkoescomputer.dk\/wp-content\/uploads\/2021\/04\/demo_content-320x202-1.png\",\"datePublished\":\"2021-04-15T11:32:20+00:00\",\"dateModified\":\"2021-04-16T08:37:28+00:00\",\"breadcrumb\":{\"@id\":\"https:\/\/munkoescomputer.dk\/?product=avada-templates#breadcrumb\"},\"inLanguage\":\"da-DK\",\"potentialAction\":[{\"@type\":\"ReadAction\",\"target\":[\"https:\/\/munkoescomputer.dk\/?product=avada-templates\"]}]},{\"@type\":\"ImageObject\",\"inLanguage\":\"da-DK\",\"@id\":\"https:\/\/munkoescomputer.dk\/?product=avada-templates#primaryimage\",\"url\":\"https:\/\/munkoescomputer.dk\/wp-content\/uploads\/2021\/04\/demo_content-320x202-1.png\",\"contentUrl\":\"https:\/\/munkoescomputer.dk\/wp-content\/uploads\/2021\/04\/demo_content-320x202-1.png\",\"width\":320,\"height\":202,\"caption\":\"Avada\"},{\"@type\":\"BreadcrumbList\",\"@id\":\"https:\/\/munkoescomputer.dk\/?product=avada-templates#breadcrumb\",\"itemListElement\":[{\"@type\":\"ListItem\",\"position\":1,\"name\":\"Hjem\",\"item\":\"https:\/\/munkoescomputer.dk\/\"},{\"@type\":\"ListItem\",\"position\":2,\"name\":\"Butik\",\"item\":\"https:\/\/munkoescomputer.dk\/?page_id=18\"},{\"@type\":\"ListItem\",\"position\":3,\"name\":\"AVADA TEMPLATES\"}]},{\"@type\":\"WebSite\",\"@id\":\"https:\/\/munkoescomputer.dk\/#website\",\"url\":\"https:\/\/munkoescomputer.dk\/\",\"name\":\"Munk\u00f8&#039;s Computer\",\"description\":\"Endnu en WordPress-blog\",\"potentialAction\":[{\"@type\":\"SearchAction\",\"target\":{\"@type\":\"EntryPoint\",\"urlTemplate\":\"https:\/\/munkoescomputer.dk\/?s={search_term_string}\"},\"query-input\":{\"@type\":\"PropertyValueSpecification\",\"valueRequired\":true,\"valueName\":\"search_term_string\"}}],\"inLanguage\":\"da-DK\"}]}<\/script>\n<!-- \/ Yoast SEO plugin. -->","yoast_head_json":{"title":"AVADA TEMPLATES - Munk\u00f8&#039;s Computer","robots":{"index":"index","follow":"follow","max-snippet":"max-snippet:-1","max-image-preview":"max-image-preview:large","max-video-preview":"max-video-preview:-1"},"canonical":"https:\/\/munkoescomputer.dk\/?product=avada-templates","og_locale":"da_DK","og_type":"article","og_title":"AVADA TEMPLATES - Munk\u00f8&#039;s Computer","og_description":"Udvikling af Avada templates hjemmeside Best\u00e5r af f\u00f8lgende ting som standard   En forside med egen tekst og billeder  En side om os med egen tekst og billeder  En kontakt side med firmaet navn og adresse  En butik eller blog side med op til 12 kategorier  Varer 5 stk samt instruktion  Websiden er med CMS, s\u00e5 du\/I kan rette i b\u00e5de tekst og billeder, samt udvide jeres hjemmeside.","og_url":"https:\/\/munkoescomputer.dk\/?product=avada-templates","og_site_name":"Munk\u00f8&#039;s Computer","article_modified_time":"2021-04-16T08:37:28+00:00","og_image":[{"width":320,"height":202,"url":"https:\/\/munkoescomputer.dk\/wp-content\/uploads\/2021\/04\/demo_content-320x202-1.png","type":"image\/png"}],"twitter_card":"summary_large_image","twitter_misc":{"Estimeret l\u00e6setid":"1 minut"},"schema":{"@context":"https:\/\/schema.org","@graph":[{"@type":"WebPage","@id":"https:\/\/munkoescomputer.dk\/?product=avada-templates","url":"https:\/\/munkoescomputer.dk\/?product=avada-templates","name":"AVADA TEMPLATES - Munk\u00f8&#039;s Computer","isPartOf":{"@id":"https:\/\/munkoescomputer.dk\/#website"},"primaryImageOfPage":{"@id":"https:\/\/munkoescomputer.dk\/?product=avada-templates#primaryimage"},"image":{"@id":"https:\/\/munkoescomputer.dk\/?product=avada-templates#primaryimage"},"thumbnailUrl":"https:\/\/munkoescomputer.dk\/wp-content\/uploads\/2021\/04\/demo_content-320x202-1.png","datePublished":"2021-04-15T11:32:20+00:00","dateModified":"2021-04-16T08:37:28+00:00","breadcrumb":{"@id":"https:\/\/munkoescomputer.dk\/?product=avada-templates#breadcrumb"},"inLanguage":"da-DK","potentialAction":[{"@type":"ReadAction","target":["https:\/\/munkoescomputer.dk\/?product=avada-templates"]}]},{"@type":"ImageObject","inLanguage":"da-DK","@id":"https:\/\/munkoescomputer.dk\/?product=avada-templates#primaryimage","url":"https:\/\/munkoescomputer.dk\/wp-content\/uploads\/2021\/04\/demo_content-320x202-1.png","contentUrl":"https:\/\/munkoescomputer.dk\/wp-content\/uploads\/2021\/04\/demo_content-320x202-1.png","width":320,"height":202,"caption":"Avada"},{"@type":"BreadcrumbList","@id":"https:\/\/munkoescomputer.dk\/?product=avada-templates#breadcrumb","itemListElement":[{"@type":"ListItem","position":1,"name":"Hjem","item":"https:\/\/munkoescomputer.dk\/"},{"@type":"ListItem","position":2,"name":"Butik","item":"https:\/\/munkoescomputer.dk\/?page_id=18"},{"@type":"ListItem","position":3,"name":"AVADA TEMPLATES"}]},{"@type":"WebSite","@id":"https:\/\/munkoescomputer.dk\/#website","url":"https:\/\/munkoescomputer.dk\/","name":"Munk\u00f8&#039;s Computer","description":"Endnu en WordPress-blog","potentialAction":[{"@type":"SearchAction","target":{"@type":"EntryPoint","urlTemplate":"https:\/\/munkoescomputer.dk\/?s={search_term_string}"},"query-input":{"@type":"PropertyValueSpecification","valueRequired":true,"valueName":"search_term_string"}}],"inLanguage":"da-DK"}]}},"_links":{"self":[{"href":"https:\/\/munkoescomputer.dk\/index.php?rest_route=\/wp\/v2\/product\/1008","targetHints":{"allow":["GET"]}}],"collection":[{"href":"https:\/\/munkoescomputer.dk\/index.php?rest_route=\/wp\/v2\/product"}],"about":[{"href":"https:\/\/munkoescomputer.dk\/index.php?rest_route=\/wp\/v2\/types\/product"}],"replies":[{"embeddable":true,"href":"https:\/\/munkoescomputer.dk\/index.php?rest_route=%2Fwp%2Fv2%2Fcomments&post=1008"}],"wp:featuredmedia":[{"embeddable":true,"href":"https:\/\/munkoescomputer.dk\/index.php?rest_route=\/wp\/v2\/media\/1007"}],"wp:attachment":[{"href":"https:\/\/munkoescomputer.dk\/index.php?rest_route=%2Fwp%2Fv2%2Fmedia&parent=1008"}],"wp:term":[{"taxonomy":"product_brand","embeddable":true,"href":"https:\/\/munkoescomputer.dk\/index.php?rest_route=%2Fwp%2Fv2%2Fproduct_brand&post=1008"},{"taxonomy":"product_cat","embeddable":true,"href":"https:\/\/munkoescomputer.dk\/index.php?rest_route=%2Fwp%2Fv2%2Fproduct_cat&post=1008"},{"taxonomy":"product_tag","embeddable":true,"href":"https:\/\/munkoescomputer.dk\/index.php?rest_route=%2Fwp%2Fv2%2Fproduct_tag&post=1008"}],"curies":[{"name":"wp","href":"https:\/\/api.w.org\/{rel}","templated":true}]}}